o(t) = -t**2 + t + 8. Determine o(q).
8
Let b(p) = -p**3 + 6*p - 4. Let k be b(-3). Suppose 5*f = -k*d - 10, d = 5*f - 4*d - 10. Let c(t) = t**2 + 5. What is c(f)?
5
Let m(s) = 3*s - 4. Let l be 9/3*2/2. Give m(l).
5
Suppose -3*r = -8*r + 25. Suppose 3*f - 8*f + c = 3, r*f = -3*c + 9. Let y(h) = 11 - h**2 - 9 + f*h**2. Determine y(2).
-2
Suppose -m - 10 = -4*o, -o = -m - 2*o + 15. Let u(b) = m - 5 + 4 + b. Let j be (8 + 0 - 602/70)*10. Give u(j).
3
Let a(h) = -2*h - 14. Let g = 430 - 437. What is a(g)?
0
Let y(b) = -4*b**2 - 26*b - 5. Let t = 506 - 512. Determine y(t).
7
Let s be 0 + -3 + 90/10. Let o(u) = -11*u + 5. Let d(y) = 5*y - 2. Let f(x) = -5*x + 2. Let k(n) = 6*d(n) + 5*f(n). Let r(c) = 9*k(c) + 4*o(c). What is r(s)?
8
Let a(r) = -18*r - r**2 - 3 + 16*r - 7 + 10*r. What is a(6)?
2
Suppose 7*y = -72 - 40. Let n(q) = q**3 + 15*q**2 - 17*q - 14. Let m be n(y). Suppose 0 = 6*v - 2*v + b - m, 6 = -3*b. Let l(d) = -9*d + 1. Determine l(v).
-8
Let j(c) = -1. Let y(m) be the third derivative of m**4/24 - 2*m**3/3 + 12*m**2. Let n(w) = 5*j(w) - y(w). What is n(-4)?
3
Let c(v) be the first derivative of -5*v + 3 - 1/3*v**3 + 1/2*v**2. Let h be ((0/2)/8)/(-2). Determine c(h).
-5
Let z(p) = -1 - p**3 + 6*p + 383*p**2 - 378*p**2 + 5. What is z(6)?
4
Suppose -3*s + 4*m - 17 = 0, 7*m - 3*m - 8 = 0. Let y(t) = -t**3 - 3*t**2 + 2. What is y(s)?
2
Let g(s) = s**2 + 5*s + 4. Let k(u) = 2*u - 17. Let o be k(7). Calculate g(o).
-2
Suppose -2*a + 3*s - 13 = 0, 2*s - 8 - 2 = 0. Let y = a + -3. Let j(o) be the second derivative of o**4/12 - o**3/3 - 3*o**2/2 - 6*o. Calculate j(y).
5
Let a be 2/5 + (-44)/10. Let n be 56/(-9) + a/(-18). Let z(o) be the first derivative of -o**4/4 - 7*o**3/3 - 3*o**2 + 7*o - 166. Give z(n).
7
Let n(k) = -5*k - 9. Let o(p) = -2*p**3 + 5*p**2 - 13*p + 18. Let u be o(2). Give n(u).
11
Let i = 178 - 176. Let n(z) = z**2 - z + 4. Determine n(i).
6
Let i(x) be the third derivative of -9*x**2 + 0 + 1/10*x**5 + 0*x + x**3 - 1/4*x**4 - 1/120*x**6. Determine i(5).
1
Let f(m) = -m**3 - 7*m**2 - 7*m - 9. Let l(w) be the first derivative of 5 + 1/4*w**4 - 10/3*w**3 - 1/2*w**2 + 4*w. Let q be l(10). What is f(q)?
-3
Let g(t) = -t**2. Let h(p) = 5*p**2 - 6*p - 5. Let v(k) = -6*g(k) - h(k). Let m be (-1)/4*-5*-4. What is v(m)?
0
Let t(a) = -7*a**2 + 1. Let v(i) = i - 2. Let j be v(6). Suppose -j*g + 0*g = n, -3*g + n = 7. Calculate t(g).
-6
Let k(t) = -2*t**2 - 5*t + 6. Suppose 14*y + 25 = -31. Give k(y).
-6
Let c(l) be the second derivative of -l**6/80 + 5*l**4/12 - 11*l. Let z(a) be the third derivative of c(a). Determine z(-1).
9
Suppose 2*f + 20 = 4*v + 6*f, -3*f + 12 = 0. Let d be (v - 6)/((-1)/3). Suppose -4*w = -a + 4*a + 9, -d = 4*w - 3*a. Let x(y) = -y**2 + 1. Calculate x(w).
-8
Let v = 0 - -5. Let c(j) = -5*j - 3*j + 0*j + v*j. Give c(5).
-15
Let v(q) = -3 - 17 + 5 - q**3 + 10*q**2 + 2*q. Let l(i) = i**2 + 12*i - 3. Let j be l(-13). Let h be v(j). Let z(t) = t - 5. Calculate z(h).
0
Let m = 2 - -2. Suppose -l = 2*w + 3*l - 28, 0 = 4*w - 4*l + m. Let f(b) = -36*b**2 - 2 + 24*b**2 + 4*b + 11*b**2. Give f(w).
-2
Suppose -1 + 19 = 6*w. Suppose 4*a = -2*v - 26, -a + w*v - 2 = -13. Let f(k) = -k**3 - 3*k**2 + 4*k + 4. What is f(a)?
4
Let g(n) = -2*n**3 + 3*n**2 + 4*n. Let d be (2 + 10)*(-1)/2. Let w = -3 - d. Give g(w).
-15
Let l(x) = -x**2 - 5*x - 2. Let a be l(-5). Let r(o) = o**3 + 2*o**2 - o - 1. Let m be r(a). Let i(g) = g**3 - g**2 + 1. What is i(m)?
1
Let o(k) be the second derivative of k**6/720 + k**5/120 - 23*k**4/12 - 22*k. Let w(u) be the third derivative of o(u). What is w(2)?
3
Let y(o) = -o**3 + 16*o**2 - 182*o + 2496. Let l be y(15). Let s(g) = 3*g**2 - 14*g - 6. Let i(w) = -7*w**2 + 29*w + 12. Let d(c) = -4*i(c) - 9*s(c). Give d(l).
-3
Let b(n) = n**3 - 4*n**2 - 5*n - 7. Suppose -3*x - 3 = 3*a, -12*x = 5*a - 8*x. Suppose 2*t = -t. Suppose 3*r = a*r + 2, 2*y + 5*r = t. Calculate b(y).
-7
Let b be (2/(-4))/(2/(-24)). Let u(m) = -m**2 - 4 + 0 - 2*m + 10*m - 2*m. Give u(b).
-4
Let z(w) = 4*w**2 + 3*w - 12. Let f = 568 + -573. Calculate z(f).
73
Let f(k) = -3*k + 3. Suppose -3*j - 44 = 4*c, -17*c = -18*c - 4*j - 11. What is f(c)?
36
Let g(m) = 27*m**3 - m**2 - 2*m - 1. Let j = 320 + -321. Determine g(j).
-27
Let z(h) = -3*h**2 + 8*h - 5. Let o(c) = c**2. Let l(p) = -2*o(p) - z(p). Suppose 3*r = 23 + 91. Suppose r = -d + 45. Calculate l(d).
-2
Let s(d) = 0*d**2 + d**2 + 4*d + 0*d**2 + d - 7. Determine s(-5).
-7
Let f(z) = -2*z + 5*z**2 + 3*z + 3 + 0*z**3 - z**3. Suppose -5*k = -5*h - 15, -4*k + h = 2*h - 22. Calculate f(k).
8
Let f(d) = 14*d + 2. Suppose 27*x + 8*x = 70. Determine f(x).
30
Let c(i) = -i**2 + 6*i + 0*i - i + 7. Let g be 14*4*6/48. Determine c(g).
-7
Let g(o) = -5*o**2 - 3. Let h(d) = -d**2 + 2*d. Let q(n) = -g(n) + 4*h(n). Determine q(-9).
12
Let j(n) = -3*n - 37. Let u(x) = 9*x + 106. Let v(r) = -17*j(r) - 6*u(r). Determine v(-10).
23
Let o(c) = -c**2 + 7*c + 8. Let q(w) = w + 1. Let v(g) = 2*o(g) - 14*q(g). Give v(-2).
-6
Let m(s) = -2*s + 17. Suppose -19*v - 77 = -26*v. Give m(v).
-5
Let w(o) = -2 - 8*o**2 - 2*o - 2 + 334*o**3 + 0 - 333*o**3 + 3*o. Suppose -49 = -3*n + 8. Let z = n - 11. Calculate w(z).
4
Let x be (106/689)/((-2)/(-13)). Let r(j) = -31*j**2. Give r(x).
-31
Let t be -2 - -2 - (1 - -4). Let o(z) = -8*z**2 + 4*z. Suppose -5*g = 60 - 5. Let i(f) = 3*f**2 - f. Let r(m) = g*i(m) - 4*o(m). Calculate r(t).
0
Let q = -22 - -22. Let f(k) be the first derivative of -k**4/4 + k**2/2 + 6*k - 2. Determine f(q).
6
Suppose 17 = 4*t + 3*w + 1, 0 = 3*t - w + 1. Let a(x) = x + 0*x**2 + 2*x**2 - 2*x. Give a(t).
1
Let x(c) = c**3 - 6*c**2 + 4*c + 1. Let f be x(5). Let w(k) = 4*k**2 - 3*k**2 + 13 + 2*k - 14. Let u(z) = z**2 + 2*z - 1. Let b(m) = 4*u(m) - 5*w(m). Give b(f).
-7
Suppose -5*k - 5*b = -25, -5*b - 1 - 4 = 0. Let t(p) = 8 + p**2 - 6 - k - 2*p. Suppose -3*m = -7*m + 4*d, -2*m = -4*d + 8. What is t(m)?
4
Suppose -16*d + 11*d = -25. Let m(q) = q**2 - 3*q - 1. What is m(d)?
9
Suppose 6*i - 16 = 2*i + 3*h, -5*i + 20 = 2*h. Let d(t) = -4*t + 4*t - 9 - 3*t + i*t. Let o be 0/((-7)/(21/(-9))). Calculate d(o).
-9
Let v(d) = -16 + 3*d + d**2 - 5*d**2 + 17 + 5*d**2. Determine v(-2).
-1
Let z = -21 - -19. Let b(o) = -o**3 + 2*o**2 - 3*o - 3. Determine b(z).
19
Let n(h) be the third derivative of 1/12*h**4 + 1/6*h**3 - 7/120*h**6 + h**2 + 1/30*h**5 + 0 + 0*h. Let k = 19 + -20. Calculate n(k).
8
Let b = 1 - 1. Suppose -5*g = -p - 13, b*p + 8 = p + 2*g. Let n(v) = 8*v**2 - 21*v**p + v + 0*v. What is n(1)?
-12
Let n(z) = 12*z**3 - 2*z**2 + 2*z + 43. Let f(b) = -7*b**3 + b**2 - b - 21. Let o(x) = -5*f(x) - 3*n(x). Calculate o(0).
-24
Let k(v) = 1 + 3372*v**2 - 7*v - 3373*v**2 + 3. Calculate k(-6).
10
Suppose 0*p = -p - 3. Let s(u) be the third derivative of -u**6/360 + u**4/6 - u**3/3 + 7*u**2. Let j(q) be the first derivative of s(q). Give j(p).
-5
Let n(w) = -7*w. Let a be n(-1). Let k(j) be the first derivative of j**3/3 - 7*j**2/2 - 6*j - 3640. What is k(a)?
-6
Let z(w) = -w**3 + 8*w**2 + 12*w - 25. Let l be z(9). Let j(g) = -g + g - l - 7*g + 6*g. What is j(-4)?
2
Let f(k) be the second derivative of -k**4/12 + k**2 - k - 7. Determine f(2).
-2
Let b(j) = 3*j + 2. Let h be b(-2). Let n(m) be the third derivative of -m**4/24 - 5*m**3/6 + 310*m**2 + m. Give n(h).
-1
Let v(d) = d**3 - d**2 - d + 2. Let s = -6 + 7. Let z be 0 + s + -2 + 1. Calculate v(z).
2
Let z(t) be the third derivative of 7*t**4/12 + 2*t**2. Let g(c) = c**3 + 4*c**2 - 10*c - 24. Let a be g(-5). Determine z(a).
14
Let q(g) = -17*g - 16. Let x(p) be the first derivative of 4*p**2 + 8*p + 16. Let f(d) = -6*q(d) - 13*x(d). Determine f(-8).
8
Let i(u) = -u**3 + 3*u**2 + 6*u - 2. Let c be i(4). Let a be ((-4)/3)/((-10)/435). Let v(f) = -5*f + 4*f - a + 58. Determine v(c).
-6
Let v(c) be the first derivative of -c**3/3 - 3*c**2/2 + 5*c - 136. Determine v(2).
-5
Let x be 0/2*(-10)/30. Let f(v) = -v**3 + 2*v**2 - 3*v + 3. Let h be f(x). Let y(g) = 4*g**2 - 3 - g**3 + 6 + 0*g**2. Give y(h).
12
Let t(g) be the first derivative of -5/2*g**2 - 2/3*g**3 - 3*g + 2. What is t(-3)?
-6
Let k(l) = 14*l + 9. Let g(r) = -5*r - 3. Let b(z) = 8*g(z) + 3*k(z). Let q be b(2). Let u(x) = 3*x**2 + 3*x**2 - 6*x**2 - 8*x + 3 + x**2. Give u(q).
-4
Let m(s) = s**2 + 3*s - 8. Le